 when 80964 is divided by 95?
24
What is the remainder when 6101 is divided by 3045?
11
What is the remainder when 646 is divided by 48?
22
What is the remainder when 108547 is divided by 40?
27
Calculate the remainder when 28778 is divided by 9588.
14
Calculate the remainder when 53696 is divided by 25.
21
What is the remainder when 4477 is divided by 4331?
146
What is the remainder when 17479 is divided by 29?
21
Calculate the remainder when 164945 is divided by 274.
271
Calculate the remainder when 474023 is divided by 565.
553
Calculate the remainder when 33233 is divided by 877.
784
Calculate the remainder when 3504 is divided by 184.
8
Calculate the remainder when 290068 is divided by 45.
43
Calculate the remainder when 155394 is divided by 40.
34
Calculate the remainder when 14938 is divided by 1244.
10
What is the remainder when 1168 is divided by 28?
20
What is the remainder when 6379 is divided by 766?
251
What is the remainder when 13136 is divided by 65?
6
What is the remainder when 21521 is divided by 7156?
53
Calculate the remainder when 55802 is divided by 166.
26
Calculate the remainder when 159596 is divided by 26.
8
What is the remainder when 41835 is divided by 23?
21
Calculate the remainder when 23744 is divided by 55.
39
What is the remainder when 685 is divided by 315?
55
What is the remainder when 378921 is divided by 6?
3
Calculate the remainder when 104780 is divided by 101.
43
What is the remainder when 39122 is divided by 73?
67
What is the remainder when 174574 is divided by 518?
8
What is the remainder when 44264 is divided by 3403?
25
Calculate the remainder when 85733 is divided by 28549.
86
Calculate the remainder when 98429 is divided by 128.
125
What is the remainder when 6968 is divided by 1?
0
What is the remainder when 3173 is divided by 515?
83
What is the remainder when 14445 is divided by 62?
61
Calculate the remainder when 4628 is divided by 839.
433
Calculate the remainder when 109111 is divided by 125.
111
What is the remainder when 195961 is divided by 10312?
33
Calculate the remainder when 35378 is divided by 1607.
24
What is the remainder when 9896 is divided by 141?
26
Calculate the remainder when 35770 is divided by 222.
28
What is the remainder when 338898 is divided by 159?
69
What is the remainder when 13235 is divided by 2935?
1495
What is the remainder when 16898 is divided by 5502?
392
Calculate the remainder when 29034 is divided by 1528.
2
What is the remainder when 985852 is divided by 1128?
1108
Calculate the remainder when 18430 is divided by 174.
160
Calculate the remainder when 16654 is divided by 798.
694
What is the remainder when 103304 is divided by 355?
354
What is the remainder when 18349 is divided by 62?
59
What is the remainder when 647 is divided by 620?
27
What is the remainder when 749 is divided by 65?
34
What is the remainder when 29889 is divided by 61?
60
Calculate the remainder when 61024 is divided by 1609.
1491
Calculate the remainder when 76434 is divided by 197.
195
Calculate the remainder when 2440 is divided by 420.
340
Calculate the remainder when 29501 is divided by 198.
197
What is the remainder when 2850 is divided by 136?
130
Calculate the remainder when 5830 is divided by 158.
142
What is the remainder when 30705 is divided by 18?
15
Calculate the remainder when 24639 is divided by 220.
219
Calculate the remainder when 59974 is divided by 821.
41
What is the remainder when 48959 is divided by 8?
7
Calculate the remainder when 27076 is divided by 39.
10
What is the remainder when 4165 is divided by 104?
5
Calculate the remainder when 88789 is divided by 59.
53
Calculate the remainder when 12364055 is divided by 24.
23
Calculate the remainder when 26221 is divided by 42.
13
What is the remainder when 24522 is divided by 243?
222
What is the remainder when 1673 is divided by 290?
223
What is the remainder when 20420 is divided by 619?
612
Calculate the remainder when 172037 is divided by 169.
164
Calculate the remainder when 23613 is divided by 607.
547
What is the remainder when 209064 is divided by 30?
24
Calculate the remainder when 14159 is divided by 4713.
20
Calculate the remainder when 95844 is divided by 426.
420
Calculate the remainder when 1890 is divided by 1816.
74
Calculate the remainder when 44855 is divided by 11.
8
Calculate the remainder when 264448 is divided by 6.
4
What is the remainder when 9595 is divided by 9570?
25
Calculate the remainder when 6436 is divided by 161.
157
Calculate the remainder when 1754 is divided by 815.
124
What is the remainder when 1369288 is divided by 19?
15
Calculate the remainder when 84335 is divided by 10.
5
Calculate the remainder when 71671 is divided by 7167.
1
What is the remainder when 1957 is divided by 32?
5
What is the remainder when 3253 is divided by 141?
10
What is the remainder when 14975 is divided by 37?
27
Calculate the remainder when 50122 is divided by 25.
22
Calculate the remainder when 13413 is divided by 35.
8
Calculate the remainder when 29419 is divided by 42.
19
Calculate the remainder when 272679 is divided by 960.
39
What is the remainder when 12388 is divided by 1546?
20
Calculate the remainder when 5305 is divided by 2609.
87
Calculate the remainder when 10658 is divided by 61.
44
What is the remainder when 2071 is divided by 645?
136
What is the remainder when 28744 is divided by 2045?
114
What is the remainder when 7955 is divided by 581?
402
What is the remainder when 9895 is divided by 9882?
13
Calculate the remainder when 1463 is divided by 77.
0
Calculate the remainder when 6106 is divided by 201.
76
Calculate the remainder when 6565 is divided by 2187.
4
What is the remainder when 1298129 is divided by 44?
41
Calculate the remainder when 112600 is divided by 12.
4
Calculate the remainder when 32402 is divided by 16198.
6
What is the remainder when 583 is divided by 301?
282
Calculate the remainder when 21019 is divided by 5227.
111
What is the remainder when 60913 is divided by 131?
129
What is the remainder when 401 is divided by 93?
29
Calculate the remainder when 53178 is divided by 34.
2
Calculate the remainder when 604913 is divided by 35.
8
Calculate the remainder when 4697759 is divided by 587.
585
Calculate the remainder when 5857 is divided by 488.
1
Calculate the remainder when 142031 is divided by 121.
98
Calculate the remainder when 43237 is divided by 8645.
12
Calculate the remainder when 1465432 is divided by 5.
2
What is the remainder when 815 is divided by 261?
32
Calculate the remainder when 17270 is divided by 58.
44
What is the remainder when 5784 is divided by 5520?
264
Calculate the remainder when 18310 is divided by 41.
24
Calculate the remainder when 2437 is divided by 146.
101
What is the remainder when 2649 is divided by 657?
21
What is the remainder when 235 is divided by 96?
43
What is the remainder when 20783 is divided by 902?
37
Calculate the remainder when 210860 is divided by 4303.
13
Calculate the remainder when 37972 is divided by 1898.
12
Calculate the remainder when 61110 is divided by 8730.
0
Calculate the remainder when 9060 is divided by 558.
132
Calculate the remainder when 82913 is divided by 161.
159
Calculate the remainder when 1582 is divided by 1108.
474
What is the remainder when 26147 is divided by 2372?
55
Calculate the remainder when 4039617 is divided by 78.
75
What is the remainder when 104871 is divided by 20973?
6
What is the remainder when 2472 is divided by 341?
85
What is the remainder when 3864 is divided by 254?
54
What is the remainder when 18407 is divided by 393?
329
What is the remainder when 483371 is divided by 261?
260
Calculate the remainder when 73994 is divided by 18.
14
What is the remainder when 1606 is divided by 59?
13
What is the remainder when 80116 is divided by 26701?
13
Calculate the remainder when 392209 is divided by 983.
975
Calculate the remainder when 11736 is divided by 14.
4
What is the remainder when 1655 is divided by 19?
2
Calculate the remainder when 1293 is divided by 318.
21
What is the remainder when 6597 is divided by 287?
283
Calculate the remainder when 5858 is divided by 2754.
350
Calculate the remainder when 21842 is divided by 4835.
2502
What is the remainder when 50121 is 